5
In base 12, what is 0 + 2b?
2b
In base 11, what is 2 - -161?
163
In base 2, what is -1011011011010 + 1?
-1011011011001
In base 3, what is -1 + -1100002?
-1100010
In base 11, what is 3 - 98?
-95
In base 12, what is -539 + 0?
-539
In base 7, what is -43135 + -4?
-43142
In base 6, what is 103 - 24?
35
In base 8, what is 264 - 50?
214
In base 5, what is 10 + 403?
413
In base 3, what is 2110 + 10?
2120
In base 15, what is 27 + -6?
21
In base 7, what is -21 - -10?
-11
In base 10, what is -5 - -1540?
1535
In base 12, what is -5 + 39?
34
In base 15, what is 0 - -182?
182
In base 11, what is 144 + -5?
13a
In base 12, what is 4 - 272?
-26a
In base 16, what is -1 + 28?
27
In base 11, what is -25 + -54?
-79
In base 11, what is -81 - 111?
-192
In base 5, what is 12 + -303?
-241
In base 7, what is 60 + 145?
235
In base 6, what is -4 + 234?
230
In base 5, what is 232 + 1322?
2104
In base 16, what is -7 - 10?
-17
In base 4, what is 111210 + 2?
111212
In base 16, what is 428 - -2?
42a
In base 4, what is -12 + 30?
12
In base 5, what is 103233 + -10?
103223
In base 8, what is -3 + -77?
-102
In base 12, what is 64a + -5?
645
In base 15, what is 8de + -5?
8d9
In base 13, what is -4 - 69?
-70
In base 12, what is -46b - -5?
-466
In base 11, what is -1 + -1605?
-1606
In base 3, what is -11 + -2120101?
-2120112
In base 15, what is -6b + -8?
-74
In base 6, what is -1300 + 23?
-1233
In base 10, what is -11 + 151?
140
In base 2, what is 101110000100 + 1?
101110000101
In base 9, what is 5 + 41?
46
In base 4, what is 20 + -100110?
-100030
In base 2, what is -1000 + -1000110010?
-1000111010
In base 9, what is -2 - 6807?
-6810
In base 7, what is 46352 - 2?
46350
In base 6, what is -20255 + 4?
-20251
In base 15, what is 69 + -5?
64
In base 5, what is -43 - -1313?
1220
In base 12, what is 849 - -13?
860
In base 14, what is 5 + 349?
350
In base 12, what is -2 - 147?
-149
In base 15, what is 616b + -1?
616a
In base 10, what is 4 - -7?
11
In base 9, what is -1666 + -6?
-1673
In base 11, what is 3197 - -5?
31a1
In base 2, what is 10 - -1001100111110?
1001101000000
In base 14, what is -156 - -3?
-153
In base 7, what is -26 - 355?
-414
In base 7, what is -4 - -15?
11
In base 12, what is -264 - 1?
-265
In base 2, what is 0 + 1101010?
1101010
In base 3, what is 100010 + 2?
100012
In base 12, what is 101 + -2?
bb
In base 2, what is 101011 - -10?
101101
In base 7, what is 3 + -215?
-212
In base 3, what is -110122 - -200?
-102222
In base 2, what is 110000100 + 100?
110001000
In base 12, what is 11641 - 3?
1163a
In base 3, what is -1 - 1022201?
-1022202
In base 9, what is -3 + 28?
25
In base 8, what is 7 + -12?
-3
In base 11, what is -176 - -2?
-174
In base 10, what is -19 + 427?
408
In base 9, what is -2 - 157?
-160
In base 16, what is -1c + -a2?
-be
In base 11, what is -5 - -1386?
1381
In base 2, what is -1010 + 10100?
1010
In base 3, what is 222 + -20011?
-12012
In base 4, what is 33 + 10?
103
In base 6, what is 3441 - 14?
3423
In base 2, what is -11110110 + 100?
-11110010
In base 7, what is 1 - -201?
202
In base 3, what is -1 - 2022?
-2100
In base 10, what is -5 + 124?
119
In base 16, what is -5bf - 2?
-5c1
In base 5, what is -21 - -24?
3
In base 7, what is 2 - 43?
-41
In base 5, what is 410 + -3?
402
In base 16, what is 1 + b4?
b5
In base 10, what is 10 + 149?
159
In base 2, what is 11 + 1110010?
1110101
In base 2, what is 1 - -101101111100?
101101111101
In base 13, what is -18 + -1b?
-36
In base 14, what is -1b10 - 3?
-1b13
In base 4, what is -11110 - 3?
-11113
In base 10, what is -115 + 4?
-111
In base 4, what is -21 + 1120?
1033
In base 10, what is 66 - 1?
65
In base 9, what is 227 - -18?
246
In base 5, what is -2041 - 24?
-2120
In base 9, what is -5 - -15?
10
In base 7, what is -112 - 210?
-322
In base 5, what is 20 - -2423?
2443
In base 16, what is 8 + -16?
-e
In base 2, what is -11 + 110101001?
110100110
In base 4, what is 2 - 113123?
-113121
In base 2, what is -1110 + -10011?
-100001
In base 7, what is 5 - -40?
45
In base 8, what is -1271 + -2?
-1273
In base 5, what is -422 - 4?
-431
In base 4, what is -11 + -30020?
-30031
In base 6, what is -11 - 211?
-222
In base 12, what is -11 + -5?
-16
In base 14, what is -32 + -4?
-36
In base 3, what is 1200 + 100?
2000
In base 5, what is 312 - -3?
320
In base 11, what is 14 - 643?
-62a
In base 14, what is 15 - 16?
-1
In base 9, what is 4786 + 10?
4806
In base 15, what is 25 - -c0?
e5
In base 6, what is -2 - 1032?
-1034
In base 9, what is -1 + -107?
-108
In base 6, what is -3 + -113?
-120
In base 5, what is -10114 + 2?
-10112
In base 7, what is 20662 - -2?
20664
In base 11, what is 239 + -5?
234
In base 13, what is 4 - -c7?
cb
In base 14, what is d1 - -10?
101
In base 16, what is -13b + 5?
-136
In base 6, what is -21 - -2?
-15
In base 5, what is -201 + -3103?
-3304
In base 16, what is 602 + 3?
605
In base 10, what is -23 - 6?
-29
In base 2, what is 101001 - 10111?
10010
In base 11, what is -14865 - -4?
-14861
In base 9, what is -447 - -6?
-441
In base 6, what is -4 + 312?
304
In base 11, what is -169 + -2?
-170
In base 5, what is -3 - -100?
42
In base 12, what is -a - 12?
-20
In base 12, what is -404 - 1?
-405
In base 2, what is 1011000 + 1101?
1100101
In base 12, what is 0 - -20b?
20b
In base 5, what is -14 - -311?
242
In base 14, what is -36 - -18?
-1c
In base 14, what is 3 - 44d?
-44a
In base 11, what is 0 + -891?
-891
In base 3, what is 12012 + 212?
20001
In base 8, what is 45 + -20?
25
In base 9, what is -30441 - 0?
-30441
In base 14, what is 70 - -6?
76
In base 4, what is -23 + -1012?
-1101
In base 15, what is -2e + -3?
-32
In base 5, what is 114 + -43?
21
In base 15, what is -58 - 3?
-5b
In base 15, what is -2 - 5a2?
-5a4
In base 16, what is -2 + -931?
-933
In base 10, what is -75 + 8?
-67
In base 16, what is a4 + -31?
73
In base 2, what is -101 + 1110111?
1110010
In base 8, what is 7 - 71?
-62
In base 12, what is 403 + 0?
403
In base 11, what is 8 - 68?
-60
In base 12, what is 720 - -2?
722
In base 5, what is 1230 - -40?
1320
In base 10, what is 4 + 1?
5
In base 5, what is -124 - 430?
-1104
In base 7, what is 0 + 3050?
3050
In base 9, what is -4 + 714?
710
In base 3, what is 120000122 + 10?
120000202
In base 9, what is -621 - 5?
-626
In base 3, what is 0 - 10122?
-10122
In base 4, what is 1 - 1020?
-1013
In base 11, what is -40 - -2?
-39
In base 4, what is 2332 - 3?
2323
In base 4, what is 11 - -3020?
3031
In base 9, what is 8 + 514?
523
In base 13, what is 3 - 65?
-62
In base 11, what is -3 - -51?
49
In base 13, what is 0 - 3ba?
-3ba
In base 7, what is -3 - 136?
-142
In base 10, what is -291 - -6?
-285
In base 6, what is -153 + 32?
-121
In base 10, what is -137 - -18?
-119
In base 7, what is 3 - -1366?
1402
In base 16, what is -98 - 4a?
-e2
In base 15, what is 22 + -2d?
-b
In base 10, what is -104 + 4?
-100
In base 12, what is -13a + -4?
-142
In base 5, what is -100 - 12?
-112
In base 8, what is -4673 - 5?
-4700
In base 8, what is -2301 + 3?
-2276
In base 6, what is 4 - -3210?
3214
In base 10, what is 0 + 11?
11
In base 11, what is -157 + 20?
-137
In base 12, what is 7bb + 4?
803
In base 7, what is -421 - -1?
-420
In base 14, what is 4 - -333?
337
In base 8, what is -20 - 566?
-606
In base 3, what is 1220011012 - 0?
1220011012
In base 9, what is -4 - -134?
130
In base 9, what is -4 - 7?
-12
In base 5, what is -2142 - -11?
-2131
In base 13, what is 0 + -90?
-90
In base 4, what is 30230 + -2?
30222
In base 15, what is -32 - -1?
-31
In base 14, what is 0 + 12?
12
In base 5, what is 12 + -13?
-1
In base 15, what is -1 - 1bc?
-1bd
In base 10, what is 126 + -2?
124
In base 10, what is -311 + 41?
-270
In base 10, what is 2 + 50?
52
In base 4, what is 2 - -3012?
3020
In base 9, what is -64 + -227?
-302
In base 6, what is -14 - 532?
-550
In base 7, what is 2 + -303?
-301
In base 9, what is 5 + 103?
108
In base 11, what is 6218 - -5?
6222
In base 2, what is 0 + -111101101?
-111101101
In base 8, what is -22 + -4?
-26
In base 5, what is 120304 + 4?
120313
In base 2, what is -11001 - 11100?
-110101
In base 5, what is -23201 - -3?
-23143
In base 16, what is -c + -1d?
-29
In base 15, what is -1699 - 0?
-1699
In base 5, what is -34401 - -10?
-34341
In base 10, what is 4 - -63?
67
In base 5, what is -1 - -412?
411
In base 6, what is -5 + 